+ 0)/((-5)/(93 - -2)). Suppose 4*b + 4*m - 88 = 0, 4*b - 5*b - 2*m + 25 = 0. What is the highest common divisor of b and i?
19
Let n be (3 + 1122/(-9))*(-6 + 0). Calculate the highest common divisor of n and 73.
73
Suppose 11*w - 24 = 8*w. Suppose -4*c - w = -28. What is the greatest common factor of 40 and c?
5
Let m(c) = 2*c**2 - 3*c - 38. Let a be m(8). What is the highest common divisor of a and 12?
6
Let t(w) = 4*w + 5. Let x be t(4). Let r(z) = 3*z + 5. Let l be r(7). Let j be (-18)/(-45) - l/(-10). What is the highest common divisor of x and j?
3
Let v = 76 + -49. Suppose -21*b + 18*b = -v. What is the highest common divisor of 1 and b?
1
Suppose g + 0 - 5 = 0. What is the highest common factor of g and 220?
5
Let h(n) = n**3 - 7*n**2 + 2*n + 3. Let c be h(7). Suppose 4*l - y = 889, 2*l + 69 = y + 516. What is the greatest common factor of c and l?
17
Let w = -9 + 14. Suppose 6 - 1 = -w*a. Let p be (-20)/((a + -2)/9). What is the greatest common factor of p and 12?
12
Let x = -227 + 325. What is the greatest common divisor of 28 and x?
14
Let l = -5 + 5. Suppose 3*i = 5*r - 255 + 21, -2*i + 4 = l. Suppose -4*c = -5*n + 205 - 41, 1 = -c. What is the greatest common divisor of n and r?
16
Let q be -7*(19/(-6) + 16/96). What is the greatest common divisor of q and 112?
7
Suppose 4*z = -2*c - 44, 2*c - 4*c - 56 = 5*z. Let w = z - -43. Calculate the highest common factor of 248 and w.
31
Let b be (9/2)/((-1)/(-2)). Let d(g) = -31*g - 15. Let i be d(-9). Suppose -5*c = -3*l - i, 5*c = l - 144 + 412. Calculate the highest common factor of c and b.
9
Let h be ((-6)/(-8) - (-5411)/(-28))*-2. What is the greatest common factor of h and 70?
35
Suppose 0 = -283*j + 281*j + 64. Calculate the highest common divisor of 608 and j.
32
Let o = 788 - 168. What is the greatest common divisor of o and 20?
20
Let u be ((-7)/2)/(9/(-18)). Suppose -3*t + 197 = -2*a, 0 = -4*t + 2*a + 344 - 84. Calculate the highest common factor of t and u.
7
Suppose 3*a - m = 43 + 41, -4*m = 0. Calculate the greatest common factor of a and 658.
14
Let z = 44 - 56. Let v = z - -21. Suppose 5*w + 1 - 46 = 0. What is the greatest common divisor of v and w?
9
Let a = -17 + 23. Let x be 71/6 + (-2)/(-12). What is the highest common factor of x and a?
6
Let r be ((-6)/12)/(3/42). Let f be -30*((-28)/6)/r. Let h = -18 - f. What is the highest common factor of 2 and h?
2
Suppose s + 2*b + 18 = -2*b, 3*s - 26 = 4*b. Suppose -4*k + s*a = -72, -2*a = -0*a. Calculate the greatest common divisor of k and 6.
6
Let x(g) = 2*g + 31. Let m be x(-13). Let z(p) be the first derivative of p**2/2 + 7*p + 4. Let o be z(m). Calculate the greatest common factor of o and 8.
4
Let u(v) = 4*v**2 + 9*v + 27. Let i be u(-3). What is the greatest common factor of i and 76?
4
Let r(v) = 7*v**3 - 4*v - 2 + 6 + 3*v - 5*v**2 + 2*v**2. Let i be r(-3). Let g = 371 + i. Calculate the greatest common factor of g and 18.
18
Let q = -70 - -76. Suppose 4*r = -3*v + 88, r + 92 = -2*v + q*v. Calculate the highest common factor of 12 and v.
12
Let c = -827 + 1323. Calculate the highest common divisor of c and 16.
16
Let m be -4 + 6 - (0 + 1). Let q be -1 + -1 - (-7)/(-7). Let z be q/(-2) + 3/(-6). What is the greatest common factor of z and m?
1
Let w = -153 - -405. What is the highest common divisor of w and 36?
36
Let p(n) = 9*n + 60. Let t be p(0). Suppose 0 = -2*f + 5*z + 25, 6 = 4*z + 2. What is the greatest common factor of t and f?
15
Suppose -4*a = -2*w + 1776 + 36, 0 = 3*a + 3. Calculate the greatest common factor of w and 8.
8
Let v = 639 - 429. Calculate the highest common divisor of v and 15.
15
Suppose 132*w - 133*w = -104. What is the highest common factor of w and 13?
13
Let v(g) = -g**3 - 4*g**2 + 9*g - 5. Let q(s) = -3*s - 33. Let u be q(-9). Let x be v(u). Calculate the greatest common factor of x and 39.
13
Suppose 274*k - 4*y = 272*k + 4710, -2*k + 4718 = -2*y. Calculate the highest common factor of k and 17.
17
Suppose -7*p + 13*p = 5406. Suppose 3*h + 2*x - p = 0, 5*h - 454 = -2*x + 1041. What is the greatest common factor of 27 and h?
27
Suppose 3*f + 0*f = -5*r + 156, -4*f = 3*r - 87. Suppose 6 = 3*l - 2*l. Let m be (-14)/(((-36)/r)/l). What is the greatest common factor of 11 and m?
11
Let u be 1/5 + 63/(-15). Let y be 1/(-1)*(-9 + u). Suppose -92 = -4*g - t, -2*g + 4*t + 15 + y = 0. Calculate the highest common factor of g and 44.
22
Suppose 5*t - 1811 = -4*p, -3*t - 5*p + p = -1085. Let d be 1*33*(1 - 0). Calculate the greatest common factor of t and d.
33
Suppose -323 = -8*o + 77. Calculate the greatest common divisor of o and 20.
10
Let m(d) = d**3 - 37*d**2 + 71*d + 45. Let h be m(35). Calculate the highest common divisor of 64 and h.
16
Suppose -z + 3*a = 8, -3*z - 17 = -4*z - 2*a. Suppose 3*s = 3*o + 18, -5*o - 2 = 13*s - 14*s. What is the greatest common divisor of s and z?
7
Let v(l) = 10*l**3 - 2*l**2 + 2*l + 1. Let m be v(1). Calculate the highest common divisor of 704 and m.
11
Suppose 513*a - 11 = 510*a + 5*j, 0 = 4*a + 3*j - 5. Let r(q) = -q + 7. Let o be r(6). Let n = 0 + o. Calculate the greatest common factor of n and a.
1
Let g be ((-52)/26)/(2/12 - 0). Let y(j) = -2*j - 14. Let k be y(g). Calculate the greatest common factor of k and 110.
10
Let r be 1/1 + 25/(-15)*-21. Let a(x) = -13*x - 1. Let y be a(-1). Calculate the greatest common factor of y and r.
12
Let j = -64 - -101. Suppose 3*w - 227 = -71. Let a = w - j. What is the greatest common factor of a and 105?
15
Let y = -22 - -19. Let l be 2/y - 816/(-9). Suppose -3*k = 24 - l. What is the highest common divisor of k and 55?
11
Let k(r) = r - 3. Let m be k(5). Suppose m*i + 5*f = 11, 4*f - 3 - 3 = -2*i. Let h = i - -13. Calculate the highest common factor of h and 2.
2
Suppose t - 3*t - 20 = 0. Let k be 4/(-5)*t/(-4) - -12. What is the highest common divisor of k and 25?
5
Suppose -6*a + a + 15 = g, -2*a = -5*g + 210. What is the greatest common divisor of g and 104?
8
Let l = 807 - 609. Calculate the highest common factor of 77 and l.
11
Let v = -115 + 50. Let w be (-5)/((v/60)/13). What is the greatest common divisor of 12 and w?
12
Suppose -162*y + 90 = -156*y. What is the highest common factor of y and 285?
15
Suppose u + q - 18 = -3, -4*q = -3*u + 17. Suppose -1452 = 9*y - 42*y. Calculate the highest common factor of y and u.
11
Suppose -3*f - 4*a = -736, f - 4*a = 275 - 3. What is the greatest common divisor of 12 and f?
12
Suppose -3*z + 540 = -o - 53, 2*o = -5*z + 970. Calculate the greatest common factor of 84 and z.
28
Let u(y) = y**3 + 8*y**2 - y - 34. Let m be u(-5). Calculate the greatest common factor of 115 and m.
23
Suppose 2*q - r = -2*q - 898, q + 2*r + 220 = 0. Let p = 483 + q. What is the highest common factor of p and 37?
37
Suppose -5*o = -3*o - 8, 3*o + 1860 = 4*s. What is the greatest common factor of s and 52?
52
Let s(t) = 14*t - 14. Let r be s(4). Suppose -104 = -2*k - 2*k + 5*z, 1 = k + 5*z. Calculate the highest common divisor of k and r.
21
Suppose -x = -4*x + 228. Suppose 9*g - x = 68. Calculate the highest common factor of g and 144.
16
Suppose -272 + 48 = -3*c + j, -68 = -c - 3*j. What is the highest common divisor of c and 37?
37
Let p(x) = -x**2 - x - 1. Let g(k) = -18*k**3 - k**2 - k - 1. Let c(r) = -2*g(r) + 2*p(r). Let a be c(1). What is the highest common factor of a and 4?
4
Suppose 3*o + 2*o = -m + 54, 4*m + 4*o - 216 = 0. Let d be (-4)/((-8)/(-434)) + 0. Let f be (6/(-7))/(31/d). Calculate the greatest common divisor of m and f.
6
Let g(q) = -19*q - 5. Let c be g(-3). Let r be (c/20 + -3)*-5. Suppose -2*x - x + 48 = 0. Calculate the greatest common divisor of x and r.
2
Let n(x) = -2*x**2 + 15*x + 11. Let q be n(6). What is the greatest common divisor of 58 and q?
29
Suppose -g - 5*h - 2 = -20, -43 = -3*g - 4*h. Let t be (g - (-2 + 3))*14. Suppose 0 = -52*u + 30*u + 528. Calculate the greatest common factor of u and t.
24
Let j = 43 - 29. Let f(r) = -8*r - 214. Let g be f(-27). Suppose 3*o + g = j, 2*o - 107 = -3*q. What is the highest common divisor of q and 3?
3
Let k be (48/(-36))/(24/(-882)). What is the highest common factor of k and 28?
7
Let m be 2/5 - (-3345)/75. Let x = 183 - m. Suppose 2*k - x = -4*k. What is the highest common factor of 92 and k?
23
Suppose 318 - 